{"id":3533,"date":"2024-02-09T09:22:37","date_gmt":"2024-02-09T09:22:37","guid":{"rendered":"https:\/\/country.bhaktimarga.org\/spn\/?page_id=3533"},"modified":"2024-11-14T11:20:02","modified_gmt":"2024-11-14T11:20:02","slug":"rituals","status":"publish","type":"page","link":"https:\/\/country.bhaktimarga.org\/ashram-shree-peetha-nilaya\/ashram-shree-peetha-nilaya\/deu\/explore\/rituals\/","title":{"rendered":"Rituals DE"},"content":{"rendered":"\n<section class=\"hero-image\">\n    <div class=\"hero-image__container\">\n        <img decoding=\"async\" class=\"hero-image__background object-fit-cover\" src=\"https:\/\/country.bhaktimarga.org\/ashram-shree-peetha-nilaya\/wp-content\/uploads\/sites\/44\/2023\/09\/know-more-rituals.webp\" alt=\"hindu ritual arati\">\n            <\/div>\n    <div class=\"hero-image__content container\">\n        <h1>VEREHRUNG UND GEBET<\/h1>\n    <\/div>\n<\/section>\n\n<style>\n    <\/style>\n\n\n<section class=\"intro-text-icon\">\n    <div class=\"container\">\n        <div class=\"intro-text-icon__container\" style=\"background-color: #DDD6E9;\">\n            <img decoding=\"async\" src=\"https:\/\/country.bhaktimarga.org\/ashram-shree-peetha-nilaya\/wp-content\/uploads\/sites\/44\/2023\/12\/explore-rituals-icon.png\">\n            <div class=\"intro-text-icon__content\">\n                <span class=\"intro-text-icon__text\"><p>Vertiefe dein Verst\u00e4ndnis der G\u00f6ttlichkeit und f\u00f6rdere eine tiefe Verbindung mit dem G\u00f6ttlichen. Nimm an uralten vedischen Ritualen teil und schlie\u00dfe dich unseren Worship &amp; Community Prayers an. Von den fr\u00f6hlichen Morgengebeten bis zu den ruhigen Abendritualen &#8211; erlebe eine tiefe Verbindung mit dem G\u00f6ttlichen. Offen f\u00fcr alle.<\/p>\n<\/span>\n                            <\/div>\n        <\/div>\n    <\/div>\n<\/section>\n\n\n<section class=\"no-padding\">\n    <div class=\"container no-padding\">\n        <div class=\"flex-50\">\n            <p>Nenne es Verbindung, Kommunikation oder Gemeinschaft, alles beginnt im Herzen. Was ist die Verbindung deines Herzens zu Gott? Der Ashram kann ein Ort sein, sie zu entdecken, zu entwickeln und zu vertiefen.<\/p>\n            <p>In unserer Praxis konzentrieren wir uns auf die Liebe zum G\u00f6ttlichen in der spirituellen Tradition des Hinduismus. Weil wir erkennen, dass die g\u00f6ttliche Liebe nicht begrenzt ist, ehren wir auch die Einheit, die die Grundlage aller spirituellen Wege zu Gott ist.<\/p>\n        <\/div>\n    <\/div>\n<\/section>\n\n\n\n<section class=\"images-grid\">\n    <div class=\"container grid-3-auto\">\n        <img decoding=\"async\" class=\"object-fit-cover\" src=\"\/wp-content\/uploads\/sites\/44\/2023\/09\/grid-01-worship-prayer-shree-peetha-nilaya.webp\">\n        <img decoding=\"async\" class=\"object-fit-cover\" src=\"\/wp-content\/uploads\/sites\/44\/2023\/09\/grid-04-worship-prayer-shree-peetha-nilaya.webp\">\n        <img decoding=\"async\" class=\"object-fit-cover\" src=\"\/wp-content\/uploads\/sites\/44\/2023\/09\/grid-02-worship-prayer-shree-peetha-nilaya.webp\">\n        <img decoding=\"async\" class=\"object-fit-cover\" src=\"\/wp-content\/uploads\/sites\/44\/2023\/09\/grid-03-worship-prayer-shree-peetha-nilaya.webp\">\n        <img decoding=\"async\" class=\"object-fit-cover\" src=\"\/wp-content\/uploads\/sites\/44\/2023\/09\/grid-05-worship-prayer-shree-peetha-nilaya.webp\">\n        <img decoding=\"async\" class=\"object-fit-cover\" src=\"\/wp-content\/uploads\/sites\/44\/2023\/09\/grid-06-worship-prayer-shree-peetha-nilaya.webp\">\n    <\/div>\n<\/section>\n\n\n\n<section>\n    <div class=\"container no-padding\">\n        <div class=\"flex-50\">\n            <div>\n                <h3>T\u00c4GLICHE GOTTESDIENSTE<\/h3>\n                <p>Hinduistische Andachten (einschlie\u00dflich Puja und Abishekam) werden jeden Morgen und Abend abgehalten. Zus\u00e4tzlich findet am Donnerstagabend das Shirdi Sai Baba Abishekam statt und am Sonntagmorgen gibt es einen ausgedehnten Hindu-Gottesdienst.<\/p>\n            <\/div>\n            <div>\n                <h3>BESONDERE GOTTESDIENSTE<\/h3>\n                <p>Besondere Yagna-Veranstaltungen, wie das j\u00e4hrliche Lakshmi Yagna, sind gro\u00dfartige Gelegenheiten, den Geist zu reinigen. Diese Veranstaltungen sind oft sehr fr\u00fch ausgebucht, daher bitten wir um rechtzeitige Anmeldung.<\/p>\n            <\/div>\n        <\/div>\n    <\/div>\n<\/section>\n\n\n\n<section id=\"upcoming-events-rituals\" class=\"events-cards-list\">\n        <div class=\"container\">\n            <h2 class=\"title-with-ornament title-with-ornament--violet\">Upcoming Events<\/h2>\n            <a href=\"https:\/\/events.bhaktimarga.org\/pages\/calendar\" target=\"_blank\">\n                <p class=\"button button--outline--violet\">Calendar View<\/p>\n            <\/a>\n            <div class=\"events-cards-list__carousel scroll-container\"><a href=\"https:\/\/bhaktievent-108.myshopify.com\/products\/simple-puja-course-24-april-26\" target=\"_blank\">\n            <figure class=\"events-cards-list__card\">\n                <img decoding=\"async\" class=\"events-cards-list__image\" src=\"https:\/\/cdn.shopify.com\/s\/files\/1\/0721\/1168\/5949\/files\/simplepujacourseheader_4edc2a27-ddc0-4c1a-97f4-31cdd8671818_large.jpg?v=1715855312\">\n                <figcaption class=\"events-cards-list__info\">\n                    <p class=\"events-cards-list__category\">Rituals<\/p>\n                    <p class=\"events-cards-list__title\">SIMPLE PUJA COURSE<\/p>\n                    <p class=\"events-cards-list__date\">24 Apr 2026<\/p>\n                    <span class=\"events-cards-list__price\">54\u20ac<\/span>\n                <\/figcaption>\n            <\/figure>\n        <\/a><a href=\"https:\/\/bhaktievent-108.myshopify.com\/products\/satyanarayan-vrata-puja-course-24-april-26\" target=\"_blank\">\n            <figure class=\"events-cards-list__card\">\n                <img decoding=\"async\" class=\"events-cards-list__image\" src=\"https:\/\/cdn.shopify.com\/s\/files\/1\/0721\/1168\/5949\/files\/satyanarayanapuja-main_large.jpg?v=1762610220\">\n                <figcaption class=\"events-cards-list__info\">\n                    <p class=\"events-cards-list__category\">Rituals<\/p>\n                    <p class=\"events-cards-list__title\">SATYANARAYAN VRATA PUJA COURSE<\/p>\n                    <p class=\"events-cards-list__date\">24 Apr 2026<\/p>\n                    <span class=\"events-cards-list__price\">300\u20ac<\/span>\n                <\/figcaption>\n            <\/figure>\n        <\/a><a href=\"https:\/\/bhaktievent-108.myshopify.com\/products\/simple-puja-kurs-deutsch\" target=\"_blank\">\n            <figure class=\"events-cards-list__card\">\n                <img decoding=\"async\" class=\"events-cards-list__image\" src=\"https:\/\/cdn.shopify.com\/s\/files\/1\/0721\/1168\/5949\/files\/simplepujacourseheader_4edc2a27-ddc0-4c1a-97f4-31cdd8671818_large.jpg?v=1715855312\">\n                <figcaption class=\"events-cards-list__info\">\n                    <p class=\"events-cards-list__category\">Rituals<\/p>\n                    <p class=\"events-cards-list__title\">SIMPLE PUJA KURS - DEUTSCH<\/p>\n                    <p class=\"events-cards-list__date\">1 May 2026<\/p>\n                    <span class=\"events-cards-list__price\">54\u20ac<\/span>\n                <\/figcaption>\n            <\/figure>\n        <\/a><a href=\"https:\/\/bhaktievent-108.myshopify.com\/products\/yajna-course-29-may-26\" target=\"_blank\">\n            <figure class=\"events-cards-list__card\">\n                <img decoding=\"async\" class=\"events-cards-list__image\" src=\"https:\/\/cdn.shopify.com\/s\/files\/1\/0721\/1168\/5949\/files\/yajna-header_large.jpg?v=1710604438\">\n                <figcaption class=\"events-cards-list__info\">\n                    <p class=\"events-cards-list__category\">Rituals<\/p>\n                    <p class=\"events-cards-list__title\">YAJ\u00d1A COURSE<\/p>\n                    <p class=\"events-cards-list__date\">29 May 2026<\/p>\n                    <span class=\"events-cards-list__price\">75\u20ac<\/span>\n                <\/figcaption>\n            <\/figure>\n        <\/a><a href=\"https:\/\/bhaktievent-108.myshopify.com\/products\/abhishekam-course-10-june-26\" target=\"_blank\">\n            <figure class=\"events-cards-list__card\">\n                <img decoding=\"async\" class=\"events-cards-list__image\" src=\"https:\/\/cdn.shopify.com\/s\/files\/1\/0721\/1168\/5949\/files\/abhishekam_header_large.jpg?v=1709114364\">\n                <figcaption class=\"events-cards-list__info\">\n                    <p class=\"events-cards-list__category\">Rituals<\/p>\n                    <p class=\"events-cards-list__title\">ABHISHEKAM COURSE<\/p>\n                    <p class=\"events-cards-list__date\">10 Jun 2026<\/p>\n                    <span class=\"events-cards-list__price\">75\u20ac<\/span>\n                <\/figcaption>\n            <\/figure>\n        <\/a><a href=\"https:\/\/bhaktievent-108.myshopify.com\/products\/satyanarayan-vrata-puja-course-10-june-26\" target=\"_blank\">\n            <figure class=\"events-cards-list__card\">\n                <img decoding=\"async\" class=\"events-cards-list__image\" src=\"https:\/\/cdn.shopify.com\/s\/files\/1\/0721\/1168\/5949\/files\/satyanarayanapuja-main_large.jpg?v=1762610220\">\n                <figcaption class=\"events-cards-list__info\">\n                    <p class=\"events-cards-list__category\">Rituals<\/p>\n                    <p class=\"events-cards-list__title\">SATYANARAYAN VRATA PUJA COURSE<\/p>\n                    <p class=\"events-cards-list__date\">10 Jun 2026<\/p>\n                    <span class=\"events-cards-list__price\">300\u20ac<\/span>\n                <\/figcaption>\n            <\/figure>\n        <\/a><a href=\"https:\/\/bhaktievent-108.myshopify.com\/products\/garland-workshop-level-3-12-june-26\" target=\"_blank\">\n            <figure class=\"events-cards-list__card\">\n                <img decoding=\"async\" class=\"events-cards-list__image\" src=\"https:\/\/cdn.shopify.com\/s\/files\/1\/0721\/1168\/5949\/files\/level3-garlands-flowery_style-main.webp?v=1765981820\">\n                <figcaption class=\"events-cards-list__info\">\n                    <p class=\"events-cards-list__category\">Rituals<\/p>\n                    <p class=\"events-cards-list__title\">GARLAND WORKSHOP LEVEL 3<\/p>\n                    <p class=\"events-cards-list__date\">12 Jun 2026<\/p>\n                    <span class=\"events-cards-list__price\">54\u20ac<\/span>\n                <\/figcaption>\n            <\/figure>\n        <\/a><a href=\"https:\/\/bhaktievent-108.myshopify.com\/products\/garland-workshop-level-1-30-july-26\" target=\"_blank\">\n            <figure class=\"events-cards-list__card\">\n                <img decoding=\"async\" class=\"events-cards-list__image\" src=\"https:\/\/cdn.shopify.com\/s\/files\/1\/0721\/1168\/5949\/files\/garland-workshop1_large.jpg?v=1732113142\">\n                <figcaption class=\"events-cards-list__info\">\n                    <p class=\"events-cards-list__category\">Rituals<\/p>\n                    <p class=\"events-cards-list__title\">GARLAND WORKSHOP - LEVEL 1<\/p>\n                    <p class=\"events-cards-list__date\">30 Jul 2026<\/p>\n                    <span class=\"events-cards-list__price\">54\u20ac<\/span>\n                <\/figcaption>\n            <\/figure>\n        <\/a><a href=\"https:\/\/bhaktievent-108.myshopify.com\/products\/satyanarayan-vrata-puja-course-28-august-26\" target=\"_blank\">\n            <figure class=\"events-cards-list__card\">\n                <img decoding=\"async\" class=\"events-cards-list__image\" src=\"https:\/\/cdn.shopify.com\/s\/files\/1\/0721\/1168\/5949\/files\/satyanarayanapuja-main_large.jpg?v=1762610220\">\n                <figcaption class=\"events-cards-list__info\">\n                    <p class=\"events-cards-list__category\">Rituals<\/p>\n                    <p class=\"events-cards-list__title\">SATYANARAYAN VRATA PUJA COURSE<\/p>\n                    <p class=\"events-cards-list__date\">28 Aug 2026<\/p>\n                    <span class=\"events-cards-list__price\">300\u20ac<\/span>\n                <\/figcaption>\n            <\/figure>\n        <\/a><a href=\"https:\/\/bhaktievent-108.myshopify.com\/products\/yajna-course-29-august-26\" target=\"_blank\">\n            <figure class=\"events-cards-list__card\">\n                <img decoding=\"async\" class=\"events-cards-list__image\" src=\"https:\/\/cdn.shopify.com\/s\/files\/1\/0721\/1168\/5949\/files\/yajna-header_large.jpg?v=1710604438\">\n                <figcaption class=\"events-cards-list__info\">\n                    <p class=\"events-cards-list__category\">Rituals<\/p>\n                    <p class=\"events-cards-list__title\">YAJ\u00d1A COURSE<\/p>\n                    <p class=\"events-cards-list__date\">29 Aug 2026<\/p>\n                    <span class=\"events-cards-list__price\">75\u20ac<\/span>\n                <\/figcaption>\n            <\/figure>\n        <\/a><a href=\"https:\/\/bhaktievent-108.myshopify.com\/products\/simple-puja-course-10-october-26\" target=\"_blank\">\n            <figure class=\"events-cards-list__card\">\n                <img decoding=\"async\" class=\"events-cards-list__image\" src=\"https:\/\/cdn.shopify.com\/s\/files\/1\/0721\/1168\/5949\/files\/simplepujacourseheader_4edc2a27-ddc0-4c1a-97f4-31cdd8671818_large.jpg?v=1715855312\">\n                <figcaption class=\"events-cards-list__info\">\n                    <p class=\"events-cards-list__category\">Rituals<\/p>\n                    <p class=\"events-cards-list__title\">SIMPLE PUJA COURSE<\/p>\n                    <p class=\"events-cards-list__date\">10 Oct 2026<\/p>\n                    <span class=\"events-cards-list__price\">54\u20ac<\/span>\n                <\/figcaption>\n            <\/figure>\n        <\/a><a href=\"https:\/\/bhaktievent-108.myshopify.com\/products\/simple-puja-course-28-november-26\" target=\"_blank\">\n            <figure class=\"events-cards-list__card\">\n                <img decoding=\"async\" class=\"events-cards-list__image\" src=\"https:\/\/cdn.shopify.com\/s\/files\/1\/0721\/1168\/5949\/files\/simplepujacourseheader_4edc2a27-ddc0-4c1a-97f4-31cdd8671818_large.jpg?v=1715855312\">\n                <figcaption class=\"events-cards-list__info\">\n                    <p class=\"events-cards-list__category\">Rituals<\/p>\n                    <p class=\"events-cards-list__title\">SIMPLE PUJA COURSE<\/p>\n                    <p class=\"events-cards-list__date\">28 Nov 2026<\/p>\n                    <span class=\"events-cards-list__price\">54\u20ac<\/span>\n                <\/figcaption>\n            <\/figure>\n        <\/a><a href=\"https:\/\/bhaktievent-108.myshopify.com\/products\/abhishekam-course-28-december-26\" target=\"_blank\">\n            <figure class=\"events-cards-list__card\">\n                <img decoding=\"async\" class=\"events-cards-list__image\" src=\"https:\/\/cdn.shopify.com\/s\/files\/1\/0721\/1168\/5949\/files\/abhishekam_header_large.jpg?v=1709114364\">\n                <figcaption class=\"events-cards-list__info\">\n                    <p class=\"events-cards-list__category\">Rituals<\/p>\n                    <p class=\"events-cards-list__title\">ABHISHEKAM COURSE<\/p>\n                    <p class=\"events-cards-list__date\">28 Dec 2026<\/p>\n                    <span class=\"events-cards-list__price\">75\u20ac<\/span>\n                <\/figcaption>\n            <\/figure>\n        <\/a><a href=\"https:\/\/bhaktievent-108.myshopify.com\/products\/satyanarayan-vrata-puja-course-29-december-26\" target=\"_blank\">\n            <figure class=\"events-cards-list__card\">\n                <img decoding=\"async\" class=\"events-cards-list__image\" src=\"https:\/\/cdn.shopify.com\/s\/files\/1\/0721\/1168\/5949\/files\/satyanarayanapuja-main_large.jpg?v=1762610220\">\n                <figcaption class=\"events-cards-list__info\">\n                    <p class=\"events-cards-list__category\">Rituals<\/p>\n                    <p class=\"events-cards-list__title\">SATYANARAYAN VRATA PUJA COURSE<\/p>\n                    <p class=\"events-cards-list__date\">29 Dec 2026<\/p>\n                    <span class=\"events-cards-list__price\">300\u20ac<\/span>\n                <\/figcaption>\n            <\/figure>\n        <\/a><\/div>\n            <div class=\"scroll-arrows\">\n                <div class=\"scroll-arrow scroll-left\"><\/div>\n                <div class=\"scroll-arrow scroll-right\"><\/div>\n            <\/div>\n            <div class=\"progress-container\">\n                <div class=\"progress-bar\"><\/div>\n            <\/div>\n        <\/div>\n    <\/section>\n\n\n\n<section class=\"cards\">\n    <div class=\"container\">\n    \n                <div\n                                        class=\"cards__card card--violet\"\n                >\n                    <div class=\"card__content\">\n                        <h3 class=\"card__title\">Our Teachers<\/h3>\n                        <span class=\"card__text\"><p>Know Our Teachers and Explore the Bhakti Path<\/p>\n<\/span>\n                                                    <a href=\"https:\/\/shreepeethanilaya.org\/ashram-shree-peetha-nilaya\/our-teachers\/\" target=\"_self\">\n                                <p class=\"button button--outline button--outline--white\">Our Teachers<\/p>\n                            <\/a>\n                                                                    <\/div>\n                    <div class=\"card__image-container\">\n                                                    <img decoding=\"async\" src=\"https:\/\/country.bhaktimarga.org\/ashram-shree-peetha-nilaya\/wp-content\/uploads\/sites\/44\/2024\/04\/rituals-background-with-icon.png\" alt=\"\">\n                                            <\/div>\n                <\/div>\n\n                    <\/div>\n<\/section>\n","protected":false},"excerpt":{"rendered":"<p>Nenne es Verbindung, Kommunikation oder Gemeinschaft, alles beginnt im Herzen. Was ist die Verbindung deines Herzens zu Gott? Der Ashram kann ein Ort sein, sie zu entdecken, zu entwickeln und zu vertiefen. In unserer Praxis konzentrieren wir uns auf die Liebe zum G\u00f6ttlichen in der spirituellen Tradition des Hinduismus. Weil wir erkennen, dass die g\u00f6ttliche [&hellip;]<\/p>\n","protected":false},"author":1,"featured_media":0,"parent":3526,"menu_order":0,"comment_status":"closed","ping_status":"closed","template":"","meta":{"_acf_changed":false,"inline_featured_image":false,"footnotes":""},"class_list":["post-3533","page","type-page","status-publish","hentry"],"acf":[],"_links":{"self":[{"href":"https:\/\/country.bhaktimarga.org\/ashram-shree-peetha-nilaya\/wp-json\/wp\/v2\/pages\/3533","targetHints":{"allow":["GET"]}}],"collection":[{"href":"https:\/\/country.bhaktimarga.org\/ashram-shree-peetha-nilaya\/wp-json\/wp\/v2\/pages"}],"about":[{"href":"https:\/\/country.bhaktimarga.org\/ashram-shree-peetha-nilaya\/wp-json\/wp\/v2\/types\/page"}],"author":[{"embeddable":true,"href":"https:\/\/country.bhaktimarga.org\/ashram-shree-peetha-nilaya\/wp-json\/wp\/v2\/users\/1"}],"replies":[{"embeddable":true,"href":"https:\/\/country.bhaktimarga.org\/ashram-shree-peetha-nilaya\/wp-json\/wp\/v2\/comments?post=3533"}],"version-history":[{"count":7,"href":"https:\/\/country.bhaktimarga.org\/ashram-shree-peetha-nilaya\/wp-json\/wp\/v2\/pages\/3533\/revisions"}],"predecessor-version":[{"id":7900,"href":"https:\/\/country.bhaktimarga.org\/ashram-shree-peetha-nilaya\/wp-json\/wp\/v2\/pages\/3533\/revisions\/7900"}],"up":[{"embeddable":true,"href":"https:\/\/country.bhaktimarga.org\/ashram-shree-peetha-nilaya\/wp-json\/wp\/v2\/pages\/3526"}],"wp:attachment":[{"href":"https:\/\/country.bhaktimarga.org\/ashram-shree-peetha-nilaya\/wp-json\/wp\/v2\/media?parent=3533"}],"curies":[{"name":"wp","href":"https:\/\/api.w.org\/{rel}","templated":true}]}}