{"id":3679,"date":"2024-02-10T14:18:50","date_gmt":"2024-02-10T14:18:50","guid":{"rendered":"https:\/\/country.bhaktimarga.org\/spn\/?page_id=3679"},"modified":"2026-03-13T10:02:22","modified_gmt":"2026-03-13T10:02:22","slug":"seva","status":"publish","type":"page","link":"https:\/\/country.bhaktimarga.org\/ashram-shree-peetha-nilaya\/ashram-shree-peetha-nilaya\/deu\/explore\/seva\/","title":{"rendered":"Seva DE"},"content":{"rendered":"\n<section class=\"hero-image\">\n    <div class=\"hero-image__container\">\n        <img decoding=\"async\" class=\"hero-image__background object-fit-cover\" src=\"https:\/\/country.bhaktimarga.org\/ashram-shree-peetha-nilaya\/wp-content\/uploads\/sites\/44\/2023\/12\/seva-hero-guruji-serving-shiva.jpg\" alt=\"devotees and guruji serving the hindu god shiva\">\n            <\/div>\n    <div class=\"hero-image__content container\">\n        <h1>FREUDE AM GEBEN<\/h1>\n    <\/div>\n<\/section>\n\n<style>\n    <\/style>\n\n\n<section class=\"intro-text-icon\">\n    <div class=\"container\">\n        <div class=\"intro-text-icon__container\" style=\"background-color: #F8E5BE;\">\n            <img decoding=\"async\" src=\"https:\/\/country.bhaktimarga.org\/ashram-shree-peetha-nilaya\/wp-content\/uploads\/sites\/44\/2023\/12\/lotus-icon.png\">\n            <div class=\"intro-text-icon__content\">\n                <span class=\"intro-text-icon__text\"><p>Seva bedeutet &#8216;selbstloser Dienst&#8217;. Es ist ein Weg, sein Herz zu \u00f6ffnen und sich in jedem Moment mit dem G\u00f6ttlichen zu verbinden. Wenn man mit Liebe dient, verlagert sich der Fokus von dem, was man bekommt, auf die reine Freude des Gebens.<\/p>\n<p>Erwartungen schmelzen dahin und alles, was bleibt, ist Liebe, wenn man den Bed\u00fcrfnissen anderer dient. Das ist Bhakti in seiner sch\u00f6nsten Form.<\/p>\n<\/span>\n                                    <a href=\"#apply-for-seva\" target=\"\">\n                        <p class=\"button button--outline button--outline--dark-gold\">BEWERBUNG F\u00dcR SEVA<\/p>\n                    <\/a>\n                            <\/div>\n        <\/div>\n    <\/div>\n<\/section>\n\n\n<section id=\"way-to-serve\" class=\"no-padding\">\n    <div class=\"container\">\n        <h3 class=\"title-with-ornament title-with-ornament--violet\">DER WEG DES DIENENS &#8211; BHAKTI SEVA PRAKTIKUM<\/h3>\n        <p>M\u00f6chtest du tiefer in das Ashramleben in Shree Peetha Nilaya eintauchen? Das Bhakti Seva Praktikum gibt dir die wunderbare Gelegenheit, selbstlosen Dienst zu erfahren und deine Erfahrungen auf dem Weg des Bhakti Yoga zu vertiefen.<\/p>\n        <p>Das Programm erm\u00f6glicht es dir, von praktischen Seva-Erfahrungen zu profitieren, indem du in die vielen Seva-Bereiche wie Garten, Einrichtungen, Hauswirtschaft, Rezeption, K\u00fcche, Bhaktishop, Kinderbetreuung, Web-Team, Marketing, IT und mehr eingef\u00fchrt wirst.<\/p>\n        <p>Zus\u00e4tzlich zu den t\u00e4glichen Gebeten und Bhakti-Ritualen k\u00f6nnen die Teilnehmenden an einem w\u00f6chentlichen Bildungsprogramm teilnehmen. Dort k\u00f6nnen sie ihr Wissen \u00fcber hinduistische Philosophie, Rituale, Ges\u00e4nge und hingebungsvolle Kunst vertiefen. Dies soll ihnen helfen, ihre Herzen zu \u00f6ffnen und ihren Alltag in liebevollen Dienst am N\u00e4chsten zu verwandeln. Ein w\u00f6chentlicher Satsang am Abend mit einem SPN-Swami oder Rishi\/Rishika ist eine gute Gelegenheit, Kontakte zu kn\u00fcpfen und Themen zu besprechen, die f\u00fcr den spirituellen Weg wichtig sind.<\/p>\n        <p><strong>Tagesg\u00e4ste<\/strong><\/p>\n        <p>Auch wenn du nur f\u00fcr einen Tag zu Besuch bist, kannst du dich bei der Seva-Koordination, die sich neben der Anmeldung befindet, melden und f\u00fcr 1-2 Stunden im Ashram mithelfen.<\/p>\n        <p><strong>\u00dcbernachtungsg\u00e4ste<\/strong><\/p>\n        <p>Alle G\u00e4ste sind herzlich eingeladen, t\u00e4glich 2-3 Stunden Seva zu geben. Selbstloser Dienst ist Teil der Erfahrung, hier zu sein. Bitte melde dich bei unserem Seva-Koordinator.<\/p>       \n    <\/div>\n    <div class=\"container no-padding\">\n        <h3 class=\"title-with-ornament title-with-ornament--violet\">WEITERE INFORMATIONEN<\/h3>\n        <p><strong>WAS KANNST DU W\u00c4HREND DEINES BHAKTI SEVA PRAKTIKUMS NOCH ERLEBEN?<\/strong><\/p>\n        <ul class=\"dotted-list\">\n            <li><p>The duration for participation in the Bhakti Seva Internship is minimum 14 days up to 90 days maximum (arrival &#038; departure included) and only for INITIATED DEVOTEES of Paramahamsa Vishwananda.<\/p><\/li>\n            <li><p>F\u00fcr einen Unkostenbeitrag von 5 \u20ac pro Nacht erh\u00e4ltst du Vollpension mit Unterbringung in einem Mehrbettzimmer (3 bis 5 Personen), freien WLAN-Zugang und freie Nutzung von Waschmaschine und Trockner.<\/p><\/li>\n            <li><p>Alle zwischen 18 und 65 Jahren sind herzlich willkommen.<\/p><\/li>\n            <li><p>Sangha: Triff Gleichgesinnte, Devotees und Bhaktas und genie\u00dfe das Ashramleben in unserer Gemeinschaft.<\/p><\/li>\n            <li><p>Tempelgebete: Komm, nimm teil und erfahre mehr \u00fcber unsere Gottheiten, die t\u00e4glichen Rituale und die verschiedenen hinduistischen Feste, die wir feiern.<\/p><\/li>\n            <li><p>T\u00e4gliches OM-Chanten.<\/p><\/li>\n            <li><p>T\u00e4gliche Satsangs: Lerne mehr \u00fcber die Schriften, Heilige und Yogis w\u00e4hrend oder direkt nach unseren Tempelgebeten, morgens und abends.<\/p><\/li>\n            <li><p>Mutter Natur: Nimm dir Zeit f\u00fcr einen sch\u00f6nen Spaziergang oder ein Parikrama rund um den Ashram.<\/p><\/li>\n            <li><p>Inspiration: Entwickle deine eigenen Ideen, wie du den Geist der Liebe und F\u00fcrsorge integrieren und entwickeln kannst, indem du anderen zu Hause oder im t\u00e4glichen Leben hilfst.<\/p><\/li>\n            <li><p>W\u00f6chentliches Bildungsprogramm.<\/p><\/li>\n        <\/ul>\n    <\/div>\n<\/section>\n\n\n\n<section class=\"info-banner\">\n    <div class=\"container\">\n        <div class=\"info-banner__content\">\n            <img decoding=\"async\" src=\"\/wp-content\/themes\/vaikuntha\/images\/info-icon.png\">\n            <p><strong>SEVA-ZEITEN:<\/strong> T\u00e4glich 09:15 &#8211; 13:00 Uhr und 14:00 &#8211; 17:00 Uhr (bei Veranstaltungen auch l\u00e4nger, je nach Seva-Bereich!)<\/p>\n        <\/div>\n    <\/div>\n<\/section>\n\n\n\n<section id=\"seva-departments\" class=\"cards-overlay-grid\" style=\"background-color: \">\n\n            <h2 class=\"container no-padding title-with-ornament title-with-ornament--violet\">SEVA-ABTEILUNGEN<\/h2>\n        \n    <div class=\"container cards-overlay-grid__container\">\n        \n                            <figure class=\"cards-overlay-grid__card animated-element\" data-animation=\"slide-up\">\n                                <div class=\"cards-overlay-grid__image-container\">\n                                    <img decoding=\"async\" class=\"object-fit-cover\" src=\"https:\/\/country.bhaktimarga.org\/ashram-shree-peetha-nilaya\/wp-content\/uploads\/sites\/44\/2025\/07\/seva-facilities-1.jpg\" alt=\"\">\n                                <\/div>\n                                <figcaption class=\"cards-overlay-grid__content\">\n                                    <h3 class=\"cards-overlay-grid__title\">Facilities &#038; Instandhaltung<\/h3>\n                                    <span class=\"cards-overlay-grid__text\"><\/span>\n                                                                    <\/figcaption>\n                            <\/figure>\n                                                    \n                            <figure class=\"cards-overlay-grid__card animated-element\" data-animation=\"slide-up\">\n                                <div class=\"cards-overlay-grid__image-container\">\n                                    <img decoding=\"async\" class=\"object-fit-cover\" src=\"https:\/\/country.bhaktimarga.org\/ashram-shree-peetha-nilaya\/wp-content\/uploads\/sites\/44\/2023\/12\/seva-kitchen.webp\" alt=\"\">\n                                <\/div>\n                                <figcaption class=\"cards-overlay-grid__content\">\n                                    <h3 class=\"cards-overlay-grid__title\">K\u00dcCHE<\/h3>\n                                    <span class=\"cards-overlay-grid__text\"><\/span>\n                                                                    <\/figcaption>\n                            <\/figure>\n                                                    \n                            <figure class=\"cards-overlay-grid__card animated-element\" data-animation=\"slide-up\">\n                                <div class=\"cards-overlay-grid__image-container\">\n                                    <img decoding=\"async\" class=\"object-fit-cover\" src=\"https:\/\/country.bhaktimarga.org\/ashram-shree-peetha-nilaya\/wp-content\/uploads\/sites\/44\/2023\/12\/seva-flower-garden.webp\" alt=\"\">\n                                <\/div>\n                                <figcaption class=\"cards-overlay-grid__content\">\n                                    <h3 class=\"cards-overlay-grid__title\">GARTEN<\/h3>\n                                    <span class=\"cards-overlay-grid__text\"><\/span>\n                                                                    <\/figcaption>\n                            <\/figure>\n                                                    \n                            <figure class=\"cards-overlay-grid__card animated-element\" data-animation=\"slide-up\">\n                                <div class=\"cards-overlay-grid__image-container\">\n                                    <img decoding=\"async\" class=\"object-fit-cover\" src=\"https:\/\/country.bhaktimarga.org\/ashram-shree-peetha-nilaya\/wp-content\/uploads\/sites\/44\/2023\/12\/seva-houskeeping.webp\" alt=\"\">\n                                <\/div>\n                                <figcaption class=\"cards-overlay-grid__content\">\n                                    <h3 class=\"cards-overlay-grid__title\">Zimmerreinigung &#038; W\u00e4scherei<\/h3>\n                                    <span class=\"cards-overlay-grid__text\"><\/span>\n                                                                    <\/figcaption>\n                            <\/figure>\n                                                    \n                            <figure class=\"cards-overlay-grid__card animated-element\" data-animation=\"slide-up\">\n                                <div class=\"cards-overlay-grid__image-container\">\n                                    <img decoding=\"async\" class=\"object-fit-cover\" src=\"https:\/\/country.bhaktimarga.org\/ashram-shree-peetha-nilaya\/wp-content\/uploads\/sites\/44\/2025\/07\/seva-shop.jpg\" alt=\"\">\n                                <\/div>\n                                <figcaption class=\"cards-overlay-grid__content\">\n                                    <h3 class=\"cards-overlay-grid__title\">Shop<\/h3>\n                                    <span class=\"cards-overlay-grid__text\"><\/span>\n                                                                    <\/figcaption>\n                            <\/figure>\n                                                    \n                            <figure class=\"cards-overlay-grid__card animated-element\" data-animation=\"slide-up\">\n                                <div class=\"cards-overlay-grid__image-container\">\n                                    <img decoding=\"async\" class=\"object-fit-cover\" src=\"https:\/\/country.bhaktimarga.org\/ashram-shree-peetha-nilaya\/wp-content\/uploads\/sites\/44\/2025\/07\/seva-it.jpg\" alt=\"\">\n                                <\/div>\n                                <figcaption class=\"cards-overlay-grid__content\">\n                                    <h3 class=\"cards-overlay-grid__title\">IT<\/h3>\n                                    <span class=\"cards-overlay-grid__text\"><\/span>\n                                                                    <\/figcaption>\n                            <\/figure>\n                                                        <\/div>\n<\/section>\n\n\n\n<section id=\"apply-for-seva\">\n    <div class=\"container\">\n        <h3 class=\"title-with-ornament title-with-ornament--violet\">SEVA-ANTRAGSFORMULAR<\/h3>\n        <script charset=\"utf-8\" type=\"text\/javascript\" src=\"https:\/\/js.hsforms.net\/forms\/embed\/v2.js\"><\/script>\n        <script>\n            hbspt.forms.create({\n            region:\"na1\",\n            portalId: \"8952526\",\n            formId: \"fb9e8091-f725-4858-a5b2-fb3cc2b0fcc5\"\n            });\n        <\/script>\n    <\/div>\n<\/section>\n\n\n\n<style>\n    #seva-departments .grid-3-auto figure.cards-overlay-grid__card:nth-child(1),\n    #seva-departments .grid-3-auto figure.cards-overlay-grid__card:nth-child(2) {\n        grid-column-start: initial;\n        grid-column-end: initial;\n    }\n<\/style>\n","protected":false},"excerpt":{"rendered":"<p>Seva means \u2018selfless service\u2019. It is a way to open your heart and connect with the Divine in every moment. When service is done with love, the focus moves away from what you get and shifts toward the pure joy of giving.<\/p>\n","protected":false},"author":1,"featured_media":0,"parent":3526,"menu_order":0,"comment_status":"closed","ping_status":"closed","template":"","meta":{"_acf_changed":false,"inline_featured_image":false,"footnotes":""},"class_list":["post-3679","page","type-page","status-publish","hentry"],"acf":[],"_links":{"self":[{"href":"https:\/\/country.bhaktimarga.org\/ashram-shree-peetha-nilaya\/wp-json\/wp\/v2\/pages\/3679","targetHints":{"allow":["GET"]}}],"collection":[{"href":"https:\/\/country.bhaktimarga.org\/ashram-shree-peetha-nilaya\/wp-json\/wp\/v2\/pages"}],"about":[{"href":"https:\/\/country.bhaktimarga.org\/ashram-shree-peetha-nilaya\/wp-json\/wp\/v2\/types\/page"}],"author":[{"embeddable":true,"href":"https:\/\/country.bhaktimarga.org\/ashram-shree-peetha-nilaya\/wp-json\/wp\/v2\/users\/1"}],"replies":[{"embeddable":true,"href":"https:\/\/country.bhaktimarga.org\/ashram-shree-peetha-nilaya\/wp-json\/wp\/v2\/comments?post=3679"}],"version-history":[{"count":12,"href":"https:\/\/country.bhaktimarga.org\/ashram-shree-peetha-nilaya\/wp-json\/wp\/v2\/pages\/3679\/revisions"}],"predecessor-version":[{"id":9555,"href":"https:\/\/country.bhaktimarga.org\/ashram-shree-peetha-nilaya\/wp-json\/wp\/v2\/pages\/3679\/revisions\/9555"}],"up":[{"embeddable":true,"href":"https:\/\/country.bhaktimarga.org\/ashram-shree-peetha-nilaya\/wp-json\/wp\/v2\/pages\/3526"}],"wp:attachment":[{"href":"https:\/\/country.bhaktimarga.org\/ashram-shree-peetha-nilaya\/wp-json\/wp\/v2\/media?parent=3679"}],"curies":[{"name":"wp","href":"https:\/\/api.w.org\/{rel}","templated":true}]}}